-3). Let t(q) = -2*q - 18. Calculate t(m).
8
Let i(d) = 2*d - 4. Suppose -4*r + 14 = 78. Let w be 7/((-14)/r) - 2. Give i(w).
8
Let l = 138 - 122. Let h(d) = d**2 - 15*d - 16. Determine h(l).
0
Let s = 1 + 0. Let a(r) be the third derivative of -7*r**5/60 - r**3/6 + 3*r**2. Calculate a(s).
-8
Let h(j) = -j**2. Suppose 5*k = 3*k + 22. Let w = -5 + k. Let g be 0 + 4/(w/3). Calculate h(g).
-4
Suppose -4*v + 0*w + 19 = -3*w, -14 = -4*v + 2*w. Let q be (-1*v/3)/((-3)/(-9)). Let g(h) = -6*h - 1. What is g(q)?
5
Let c(x) = -12*x - 1. Suppose 0 = 7*b - 3*b - 52. Let i = b - 22. Let j = 8 + i. Calculate c(j).
11
Let a(z) = z**3 + 5*z**2 + 6. Let d be a(-5). Let o be ((-1)/3)/((-3)/(-9)). Let c(q) = q + 1. Let l(n) = 4*n + 15. Let w(r) = o*l(r) + 6*c(r). Determine w(d).
3
Let l(i) be the third derivative of -i**6/120 - i**5/10 - i**4/6 + i**3/2 + 3*i**2. Suppose 3*x + 85 = -14*x. What is l(x)?
-2
Let a(s) = s**3 + 5*s**2 - 5*s + 8. Let r(p) = p - 6. Let n be r(6). Suppose -y = 2*z - 3*z + 14, n = -z + 3*y + 24. Let d = -15 + z. What is a(d)?
2
Let h(x) be the second derivative of -x**4/12 - x**3 - 3*x**2 + x. Suppose -1 + 4 = -d + 5*k, 3*k - 59 = -2*d. Suppose -8*c - 10 = d. Calculate h(c).
2
Suppose -3*w + 18 = 3*l, -w = -3*l - 3*w + 17. Suppose -5*j = 4*v + 6, -4*j + 4*v + 16 = -8. Let d(g) = -3*g + 9 - g - 3 + j*g. Determine d(l).
-4
Let f(p) be the third derivative of -p**7/1260 - 11*p**5/60 - 9*p**2. Let y(x) be the third derivative of f(x). Give y(1).
-4
Suppose -c + 4*c + 24 = 3*p, 3*p + 6 = 0. Let w(t) = -t - 17. Give w(c).
-7
Let z(s) be the first derivative of 1/3*s**3 + 3*s + 2 + 5/2*s**2. Determine z(-6).
9
Let i(r) be the third derivative of 14 - 1/8*r**4 - r**2 + 7/6*r**3 - 1/10*r**5 + 0*r + 1/120*r**6. Let u = 15 + -9. What is i(u)?
-11
Let d(y) = -7*y - 600*y**3 + 1 + 601*y**3 - 5*y**2 + 2*y. Give d(6).
7
Let u(v) = 11*v**2 - 7*v. Let a(o) = -12*o**2 + 6*o. Let b(w) = -6*a(w) - 5*u(w). What is b(-1)?
18
Suppose 5*s + 15 = -l, 0*s = -4*s + 5*l - 12. Let x = s - 0. Let w(b) be the first derivative of -5*b**2/2 - 3*b + 1915. Determine w(x).
12
Suppose -2*a + a = 7. Let i(n) be the first derivative of -n**2 + 4*n + 2136. Determine i(a).
18
Let p be 299/(-65) + (-3)/(-5). Let r(w) = 3*w + 0 - 1 + 7. Determine r(p).
-6
Let n(l) = -6 + 11*l + 6. Let p be (-3)/(9/6) - -3. Let q be ((-10)/(-10))/(1/p). What is n(q)?
11
Let m(a) = 7*a - 2. Let b be m(1). Let q be ((-4)/b)/(14/(-175)). Let h = -15 + q. Let f(z) = -z**3 - 5*z**2 + 2. Calculate f(h).
2
Let s(i) be the second derivative of -5*i**3/6 - 7*i**2/2 + 146*i. Give s(-5).
18
Let p(d) be the second derivative of -d**4/12 - 7*d**3/6 - 7*d**2/2 - d. Let c = 73 - 58. Suppose -13 - c = 4*v. Calculate p(v).
-7
Let q(i) be the first derivative of i**4/4 - 2*i**3/3 - i**2 + 2*i + 103. Determine q(3).
5
Let t(x) be the third derivative of -x**7/840 - x**6/180 + x**5/120 - x**4/24 - 7*x**3/6 - 7*x**2. Let w(j) be the first derivative of t(j). Determine w(-3).
5
Let t(a) be the first derivative of a**4/4 + 5*a**3/3 + 7*a**2/2 + 6*a - 222. Determine t(-4).
-6
Let p(j) = 44 + 0*j - 52 - j. Let s be p(-3). Let f(g) = g**2 + 3*g - 2. Give f(s).
8
Let w(x) = x**3 - 2*x**2 + 3*x - 2. Let m(y) = -y**3 + 2*y**2 + 2. Let p = 18 + -16. Let a be m(p). Calculate w(a).
4
Let g(a) = -a**3 - 8*a**2 + 13*a - 22. Let r be g(-10). Suppose -m - 13 = -n, 0*n + r = -4*m + 3*n. Let p(w) = -w - 13. Determine p(m).
-4
Let v(p) = p**2 - 2*p - 4. Let o(q) = q**3 + 20*q**2 - 21*q + 4. Let z be (-25)/75 + (-124)/6. Let m be o(z). Calculate v(m).
4
Let o(b) be the third derivative of -b**4/6 + 5*b**3/6 + 574*b**2. Give o(5).
-15
Let v(d) = d**3 + 10*d**2 - 2*d + 2. Let y be v(-10). Let i = y - 19. Suppose i*j - 9 = 5*b + 16, 5*b + 5*j + 25 = 0. Let l(g) = -2*g - 4. Give l(b).
6
Let f(w) = w**3 - 6*w**2 + 6*w - 3. Let k be f(5). Let b = 4 + k. Let c(n) = 2*n - 5. What is c(b)?
7
Let w(q) be the second derivative of q**4/12 - 11*q**3/6 - 6*q**2 + q + 127. Determine w(12).
0
Let n(g) = -45*g**3 - 2*g + 43*g**3 - 30 - 4*g**2 + 31. Determine n(-2).
5
Let l(s) = -2*s**2 + 6*s - 6 + 3 + 4*s**2 - 2*s - 3*s**2. What is l(4)?
-3
Let c = 5 + -10. Let r(n) = n + 1 + 3 - 4*n**2 + 2*n**2 - 1 - 7*n. Calculate r(c).
-17
Let q(r) be the first derivative of 3*r**4/4 + 2*r**3/3 - r - 17. Suppose 0 = -0*d - d + 3*n - 13, -5*n = -d - 19. Let g = -5 - d. Calculate q(g).
-2
Let v(s) = -152*s - 758. Let o be v(-5). Let t(z) be the first derivative of -z**3 - 5*z + o*z**2 - 1/4*z**4 + 13. Determine t(-4).
-5
Let d(x) be the second derivative of -x**3/3 - 2*x**2 + 256*x. Give d(-7).
10
Let a = 18 - -4. Suppose -j + 1 + 3 = m, 3*m + j = a. Let q(o) = -o - 1 + 1 - m*o. Determine q(-1).
10
Let m(k) = k**3 - 6*k**2 + 4*k + 5. Let o be ((-2)/(-6))/(13/234) + -1. Suppose o = 4*z + 5*j, -z + 0*j - 4 = 3*j. Calculate m(z).
0
Let g(j) = j + 45. Let p be g(0). Let w = -39 + p. Let f(b) = -b - 5. Determine f(w).
-11
Let q = 568 + -561. Let f(a) = -2*a**2 + 10*a + 23. What is f(q)?
-5
Let i(v) = -1 - 2*v - 10*v + 14*v. What is i(-1)?
-3
Let x(v) = -3*v + 2*v + 12 - 1 + 3*v - 4*v. Determine x(12).
-13
Suppose -5*s + 2*v - 2 = -3*s, -v + 7 = s. Let q(r) = 8*r**3 + 2*r. Let n(g) = -25*g**3 + 2*g**2 - 5*g. Let t(x) = -n(x) - 3*q(x). Determine t(s).
6
Let s(i) = -13*i**2 - 23*i - 13. Let p be 3/((3 - 5/3)/4). Let d(n) = 3*n**2 + 6*n + 3. Let o(u) = p*d(u) + 2*s(u). Suppose -2*f - 7 = -f. Calculate o(f).
-6
Let s(m) = m - 6. Let a be s(3). Let j(r) = -r**2 + 8*r - 9. Let u be j(6). Let w be (a + u + 4)/(-1). Let l(d) = -d**2 - d + 4. Determine l(w).
-8
Suppose -1 = c - 9. Suppose 2*v - 9 = b, 3 = 5*b + c. Let o(a) = -v*a + 2*a + 3*a + 0*a**3 - a**3. Give o(-1).
0
Let s(h) be the first derivative of 7*h**2/2 + 22*h - 126. What is s(-4)?
-6
Let c = -783 - -772. Let o(g) = -g**3 - 12*g**2 - 11*g - 2. Determine o(c).
-2
Let s(x) = x + 0 + 2 + 0 + 6 + 7. What is s(9)?
24
Let y(c) = 0*c**2 + 4 - 7*c - 6*c**2 + 10*c + 5*c**2. What is y(5)?
-6
Let d = -4 - -9. Let m(h) be the second derivative of h**3/6 - 3*h. Let b(f) = -4*f - 3. Let c(n) = -b(n) - 5*m(n). Determine c(d).
-2
Let c(n) = 4*n. Let g(y) = -y**3 - 6*y**2 + y + 1. Let m be g(-5). Let k = m - -31. Give c(k).
8
Let n be 1*(2/(-1) - -2). Let h(c) be the third derivative of 0*c + 1/60*c**5 - 1/2*c**3 + 3*c**2 + 0 - 1/24*c**4. Give h(n).
-3
Let z(s) be the third derivative of -s**6/120 - s**5/15 - s**4/8 + s**3/6 + 20*s**2. Let t(d) = d - 3. Let b be t(4). Let q = -4 + b. Calculate z(q).
1
Let o(i) = -i**2 + 7*i - 4. Suppose 0 = 2*h + 2*r - 2, h + 5*r + 22 = 5*h. Suppose -5*s - 1 = 4*n, 0*n + n - 21 = h*s. Calculate o(n).
2
Let p(i) = 24*i - 5*i + 4 - 11*i - 6*i. What is p(-8)?
-12
Let x(t) be the second derivative of 0 + 1/2*t**2 + 5*t - 1/6*t**3. Give x(6).
-5
Let n(t) = t**3 + 3*t**2 + 4*t - 1. Let d be -6 - (-2 - 0/4). Let k(r) = r**3 + 2*r**2 + 5*r - 2. Let c(q) = d*n(q) + 3*k(q). What is c(-6)?
4
Let k(b) be the third derivative of -1/12*b**4 + 0 + 0*b - 8*b**2 - 1/6*b**3. What is k(-2)?
3
Suppose 3*y - 6*y - 15 = -3*v, -3*y = 3*v - 33. Let z = v - 5. Suppose 3 + 3 = z*a. Let g(b) = -b + 3. Calculate g(a).
1
Let s be 11/3 - 6/9. Let b(g) = 2*g**2 - 2*g + 1. Determine b(s).
13
Let x(z) = -z**3 - 2*z**2 - 2*z + 2. Suppose -3*r - 2*u + 6 = 0, -2 = -r + 5*u - 17. Suppose -b = -5*p - 11, 5*p - 2*b - b + 13 = r. What is x(p)?
6
Let q(b) = 7*b + 2. Let g(c) = -8*c - 3. Let f(r) = -6*r**2 + 3*r + 3. Let n be f(-1). Let o(y) = n*q(y) - 5*g(y). What is o(3)?
-3
Let r(g) = -49*g - 12 + 35 + 48*g. Give r(14).
9
Let j(u) = -u**2 - 41*u - 246. Let g be j(-7). Let m(h) = -h**2 - 6*h + 3. What is m(g)?
-13
Let x(g) = -g**3 + 4*g**2 - 9*g + 1. Let u(p) = -2*p - 1. Let r(y) = -6*u(y) + x(y). What is r(5)?
-3
Suppose -5*b + 12 = -23. Let j(u) = -5*u**2 - 10*u - 4. Let g(f) = 6*f**2 + 11*f + 4. Let c(o) = b*j(o) + 6*g(o). Suppose 2*s + 11*s - 78 = 0. Give c(s).
8
Suppose 2*j + 2 = -5*n - 4, -n = 5*j - 8. Let s = -25 + 17. Let b be (j + s/6)*3. Let h(y) = y**2 - y + 2. What is h(b)?
4
Suppose 31 = 7*p + 38. Let t(i) = -5*i**2 - 2*i - 2. Determine t(p).
-5
Let k = 19 + -21. Let i be k*(3/(-2) + -2). Suppose -8*f = -i*f + 5. Let l(t) = -t**2 - 4*t + 5. Calculate l(f).
0
Let z(w) = -7 + 2 - w**2 - 664*w + 651*w - 1. What is z(-9)?
30
Let 